{"id":105,"date":"2016-12-26T17:06:33","date_gmt":"2016-12-26T16:06:33","guid":{"rendered":"http:\/\/multisite-wordpress.labunix.uqam.ca\/espoir\/?page_id=105"},"modified":"2016-12-26T17:06:33","modified_gmt":"2016-12-26T16:06:33","slug":"mission-et-philosophie","status":"publish","type":"page","link":"https:\/\/theatrepourlespoir.uqam.ca\/?page_id=105","title":{"rendered":"Mission et philosophie"},"content":{"rendered":"<h2>La mission<\/h2>\n<p>Le collectif d\u00e9veloppe sa mission humanitaire \u00e0 travers le th\u00e9\u00e2tre en suivant trois mots cl\u00e9s\u00a0: regroupement, aide et diffusion.<\/p>\n<ul>\n<li><strong>Regrouper <\/strong>des militants des arts et de l\u2019\u00e9ducation afin de r\u00e9fl\u00e9chir et d\u2019agir par le biais de la construction d\u2019 outils didactiques en th\u00e9\u00e2tre, dans un but humanitaire;<\/li>\n<li><strong>Aider <\/strong>les individus en situation de vuln\u00e9rabilit\u00e9 sociale \u00e0 retrouver l\u2019espoir \u00e0 partir de la pratique th\u00e9\u00e2trale;<\/li>\n<li><strong>Diffuser<\/strong> des outils didactiques en th\u00e9\u00e2tre social \u00e0 des communaut\u00e9s en situation d\u2019urgence humanitaire.<\/li>\n<\/ul>\n<p>&nbsp;<\/p>\n<h2>La philosophie<\/h2>\n<p>Le <strong>travail cr\u00e9atif<\/strong> du collectif est bas\u00e9 sur<\/p>\n<ul>\n<li>Le th\u00e9\u00e2tre comme <strong>espace cr\u00e9ateur<\/strong> avec ses multiples fonctions sociales, artistiques et p\u00e9dagogiques;<\/li>\n<li>Le th\u00e9\u00e2tre comme <strong>action citoyenne<\/strong> de transformation communautaire\u00a0\u00e0 partir de la transposition de l\u2019action sur sc\u00e8ne vers une force d\u2019action dans la vie;<\/li>\n<li>Le th\u00e9\u00e2tre comme <strong>moyen d\u2019aide humanitaire<\/strong> aux individus en situation de vuln\u00e9rabilit\u00e9 qui ont besoin de retrouver l\u2019espoir.<\/li>\n<\/ul>\n<p>La production de connaissance est bas\u00e9e sur<\/p>\n<ul>\n<li>La m\u00e9thode de construction collaborative de connaissances par un travail de co-\u00e9criture.<\/li>\n<li>La division d\u00e9mocratique des fonctions et des t\u00e2ches selon chaque int\u00e9r\u00eat, disponibilit\u00e9 et potentiel.<\/li>\n<li>L\u2019\u00e9change solidaire et humaniste de savoirs et d\u2019exp\u00e9riences.<\/li>\n<li>L\u2019espace de dialogue en groupe et le respect de l\u2019opinion et de la cr\u00e9ation de chaque membre.<\/li>\n<li>La diversit\u00e9 des exp\u00e9riences dans de multiples champs de connaissance.<\/li>\n<\/ul>\n","protected":false},"excerpt":{"rendered":"<p>La mission Le collectif d\u00e9veloppe sa mission humanitaire \u00e0 travers le th\u00e9\u00e2tre en suivant trois mots cl\u00e9s\u00a0: regroupement, aide et diffusion. Regrouper des militants des arts et de l\u2019\u00e9ducation afin de r\u00e9fl\u00e9chir et d\u2019agir par le biais de la construction &hellip; <a href=\"https:\/\/theatrepourlespoir.uqam.ca\/?page_id=105\">Continuer la lecture <span class=\"meta-nav\">&rarr;<\/span><\/a><\/p>\n","protected":false},"author":34,"featured_media":0,"parent":0,"menu_order":0,"comment_status":"closed","ping_status":"closed","template":"","meta":{"footnotes":""},"class_list":["post-105","page","type-page","status-publish","hentry"],"_links":{"self":[{"href":"https:\/\/theatrepourlespoir.uqam.ca\/index.php?rest_route=\/wp\/v2\/pages\/105","targetHints":{"allow":["GET"]}}],"collection":[{"href":"https:\/\/theatrepourlespoir.uqam.ca\/index.php?rest_route=\/wp\/v2\/pages"}],"about":[{"href":"https:\/\/theatrepourlespoir.uqam.ca\/index.php?rest_route=\/wp\/v2\/types\/page"}],"author":[{"embeddable":true,"href":"https:\/\/theatrepourlespoir.uqam.ca\/index.php?rest_route=\/wp\/v2\/users\/34"}],"replies":[{"embeddable":true,"href":"https:\/\/theatrepourlespoir.uqam.ca\/index.php?rest_route=%2Fwp%2Fv2%2Fcomments&post=105"}],"version-history":[{"count":2,"href":"https:\/\/theatrepourlespoir.uqam.ca\/index.php?rest_route=\/wp\/v2\/pages\/105\/revisions"}],"predecessor-version":[{"id":110,"href":"https:\/\/theatrepourlespoir.uqam.ca\/index.php?rest_route=\/wp\/v2\/pages\/105\/revisions\/110"}],"wp:attachment":[{"href":"https:\/\/theatrepourlespoir.uqam.ca\/index.php?rest_route=%2Fwp%2Fv2%2Fmedia&parent=105"}],"curies":[{"name":"wp","href":"https:\/\/api.w.org\/{rel}","templated":true}]}}